o = u + -550. What is the tens digit of o?
1
Let h(d) = 29*d + 56 + 9*d + 113 + 91. What is the tens digit of h(18)?
4
Let a(g) = g**2 + 14*g + 32. Let x be 2/(3 + 140/(-44)). Let j be a(x). What is the hundreds digit of j - (-441)/(-3)*-1?
1
Let r(f) = -10*f - 19. Let k be r(5). Let n = k + 213. What is the units digit of n?
4
Suppose -2*g = 19*n - 81116, -4*g - 5*n + 80812 + 81486 = 0. What is the ten thousands digit of g?
4
Suppose -5*w + 79 = 2*s, 5*s - 3*w = -0*w + 151. Let p = -109 + s. Let x = p + 87. What is the tens digit of x?
1
Let g(o) be the third derivative of 7/6*o**4 + 0*o - 1/120*o**6 + 13/6*o**3 - 29*o**2 + 0 + 1/3*o**5. What is the units digit of g(21)?
0
Suppose 2071*w + 574368 = 2095*w. What is the ten thousands digit of w?
2
Let i(k) = 2*k - 30. Suppose -59 = 8*o - 195. Let t be i(o). Let a(q) = 2*q**3 - 3*q**2 + 6*q - 5. What is the tens digit of a(t)?
9
Suppose -3*l - 105 = -5*s, -s + 4*l = 2*s - 74. What is the tens digit of s/(-7)*11/(429/(-23114))?
2
Suppose 5 = 3*m + 4*c, m + 3*m - 14 = 2*c. Suppose m*k = -f + 5*k + 83, 3*f - k - 254 = 0. Suppose 114 = y - f. What is the units digit of y?
9
Let u(f) = -f**3 - 44*f - 492. What is the thousands digit of u(-20)?
8
Let q(v) = -v**3 - 8*v**2 - 11*v - 22. Let i be q(-7). Let d be (i - (9 - 5))*-1. What is the hundreds digit of d/(2/(-131)*1)?
1
Let o be 802/(-26) + 2 + 12/(-78). Let b = 32 + o. Suppose -b*q + 452 = 5*u, -6*u = -u + 4*q - 451. What is the units digit of u?
1
Let v(n) = -219*n - 179 - 203*n + 583*n. What is the units digit of v(8)?
9
Suppose -4*i = 9*c - 580124, 0*c - c + i + 64451 = 0. What is the ten thousands digit of c?
6
Let c(g) = 3*g**3 - 41*g**2 + 26*g + 33. Let k(x) = x**3 - 14*x**2 + 9*x + 11. Let s(d) = -6*c(d) + 17*k(d). What is the tens digit of s(7)?
1
Suppose 4*a + z = 14182, 0*z + 2*z = 3*a - 10620. What is the thousands digit of a?
3
Let b(v) = -v**2 + 9*v - 9. Let u be b(7). Suppose -3*g = d - 915, -2217 = u*d + 4*g - 6770. What is the hundreds digit of d?
9
Suppose -2*m + 20039 = 5*a, -a + 0*a + 4011 = 2*m. What is the hundreds digit of a?
0
Let a(l) = -6*l**3 - 14*l**2 - 33*l + 68. What is the ten thousands digit of a(-13)?
1
Let g be (-2)/(-10) + (-16456)/(-170). Let k = g - 167. Let s = 89 + k. What is the units digit of s?
9
Suppose -16*h + 24*h - 192 = 0. Let g be (40/(h/6))/(2/24). Suppose -6*t = -372 + g. What is the tens digit of t?
4
Suppose 21*a - 2*a - 170732 = -33362. What is the units digit of a?
0
Let h = 372 + -385. What is the hundreds digit of h/(-26) - 3236/(-8)?
4
Suppose h + 2*p - 1055 = 0, -6*h - 5*p + 2114 = -4*h. What is the hundreds digit of (h/2)/(87/116)?
6
Let t(j) = -j**3 - 9*j**2 + 38*j + 35. What is the tens digit of t(-24)?
6
Suppose 2*h = -8, -24*y + 19*y + 2*h + 9343 = 0. What is the hundreds digit of y?
8
Let n(w) = w**3 - 5*w**2 + 3*w - 7. Let u be n(5). Let r be (-1 - u)/((-9)/(-27)). What is the units digit of 1916/36 - (-6)/r?
3
Let a(m) = 6 - 103 - 111*m + 65*m + 68*m. What is the hundreds digit of a(44)?
8
Suppose 0 = -5*z + 16 - 26. Let m be (-18 + 14)*z/8. What is the tens digit of 0/10 - (-61 + m)?
6
Suppose q = 3, -24*q - 20698 = -2*n - 22*q. What is the tens digit of n?
5
Suppose 3*h + 15880 = 4*v, -3*h - 15880 = -4*v - 2*h. What is the thousands digit of v?
3
Let l(h) = -446*h**3 + 5*h**2 - 10*h - 2. Let q(p) = 891*p**3 - 10*p**2 + 22*p + 4. Let m(g) = -9*l(g) - 4*q(g). What is the tens digit of m(1)?
4
Suppose 0 = -3*d - 4*x + 51917, -3*d + x - 8190 = -60127. What is the tens digit of d?
1
Let k = 151 + -252. Let q = k + 879. What is the units digit of q?
8
Let l = -43 + 46. Suppose -5 + 2 = l*u, -3*j + 149 = -5*u. Suppose -p - 4*r = -j, 2*p + 4*r = r + 111. What is the units digit of p?
0
Suppose 2180520 = -42*h + 75*h + 12*h. What is the tens digit of h?
5
Let w be (84/112)/((-1)/(-4)). What is the units digit of 258 - (-5 + w + -5)?
5
Suppose 4*h + 13148 = 3*v, -2*v + 21995 = 3*v + 5*h. What is the hundreds digit of v?
3
Let q(o) = 8 - 6*o + 2*o**2 - 38 - 15*o. Let i be 8192/(-1280)*((-15)/2)/3. What is the hundreds digit of q(i)?
1
Let h be (-3287)/(-10)*2 + 18/(-45). Suppose -h + 1797 = 5*n. What is the tens digit of n?
2
What is the ten thousands digit of (28342 - 4)*2*25/100?
1
Let y be 6*(-4)/((-14)/7). Suppose y*d - 1201 = 299. What is the hundreds digit of d?
1
Let v = 37426 + -22862. What is the thousands digit of v?
4
Let n(o) = -588*o**3 + 2*o**2 + o - 1. Let i(c) = c**3 + 3*c**2 + 6*c + 7. Let l be i(-2). What is the tens digit of n(l)?
8
What is the hundreds digit of (-296443)/(-14) + 13/(-26)?
1
Let m(a) be the third derivative of -a**4/24 + 13*a**3/6 + 26*a**2. Let h be m(6). What is the tens digit of 1/(-1) + 3 + 196/h?
3
Suppose 6*w = -0*w + 18. Suppose -3*q + 989 = -5*k, -3*k + 18 = -w*q + 999. Suppose -4*y + 5*a = -y - 248, a - q = -4*y. What is the tens digit of y?
8
Let d(b) = b**2 - 6*b - 1. Let r be d(6). What is the tens digit of (-2616)/(2/r) - (-4 + 3)?
0
Let a be -8*1*(-1)/4. Let z(s) = -6*s**a + 0*s - 93*s**3 + 5*s + 48*s**3 + 18 + 43*s**3. What is the hundreds digit of z(-6)?
2
Suppose -46204 = 62*w - 67*w + z, -w + 9243 = 2*z. What is the units digit of w?
1
What is the thousands digit of (-433199)/188*(12/(-9))/((-1)/(-3))?
9
Let s(z) = 2*z**2 - 11*z + 14. Let d be s(4). Suppose 4*j + d*w - 3780 = -w, j - 945 = -w. Suppose -14*y = -j + 119. What is the tens digit of y?
5
Suppose 309*i - 134*i = 154*i + 364266. What is the units digit of i?
6
Let z = 1389 + -603. Suppose i - q - 261 = 0, 2*i + 4*q = 5*i - z. Suppose 2*x = -5*n + i, 0 = -3*n - 9 - 3. What is the hundreds digit of x?
1
Let i(v) = 2*v**2 - 3*v - 43. Let z = -136 - -128. What is the hundreds digit of i(z)?
1
What is the units digit of (1915/(-1149))/((-2)/((-188952)/(-10)))?
6
Suppose -5*g + 2*g - 25 = -5*w, -12 = 4*w + 4*g. Suppose -5*s - w*k = -4800, 0 = -5*s + k - 1503 + 6318. What is the units digit of s?
2
Let m = 45184 - 21580. What is the hundreds digit of m?
6
Suppose -v - 4 = 0, 3*a - 2*v - 60 - 59 = 0. Suppose 124 + a = b. What is the tens digit of b?
6
Suppose 4*x = 16, 5*y + 0*x = 2*x + 2932. Suppose 6*r - y = -6*r. Let q = r - 21. What is the tens digit of q?
2
Let b be 51*2*(-42)/36. What is the tens digit of (-1244)/(-6)*(b/(-14) + -4)?
3
Suppose -37*p = -38*p + 2. Suppose -4*y = p*j - 22, -5*j + 24 = -2*j + 3*y. Suppose -j*r - 4*a = -680, r + 3*r = -4*a + 540. What is the units digit of r?
0
Suppose 4*j - n - 152 = 7*j, 0 = 3*n - 12. Let z = j - -226. What is the tens digit of z?
7
Suppose -p + 11*s + 1662 = 0, 0 = p + 2*s + 2*s - 1587. What is the units digit of p?
7
Suppose -75*l = -920877 - 303723. What is the tens digit of l?
2
Let k = -11 - -16. Suppose 0 = -k*g + 46 + 374. Let a = g + -2. What is the tens digit of a?
8
Let s = -1244 - -4727. What is the hundreds digit of s?
4
Let j(h) = 39*h**2 + 16*h - 46. What is the thousands digit of j(17)?
1
Let d = -641 - -659. Let x = 559 - d. What is the hundreds digit of x?
5
Suppose 16*x = 23 + 137. Suppose 4*k + 3 = 3*l, x = 4*k + 3*l - 17. Suppose -k*y = -0*y - 396. What is the tens digit of y?
3
Let v(y) = -y**3 - y**2 - y + 2. Let w be v(-2). Let c = 9 - w. What is the units digit of (-36)/(-16)*20/c?
5
Let b be 22/5*(0 + -20) - 2. What is the units digit of 21*(b/(-75) + 64/30)?
0
Let p(k) = -k. Let w = 66 + -68. Let g(j) = 9*j + 31. Let h(a) = w*p(a) + g(a). What is the tens digit of h(10)?
4
Suppose 2*t + 8 = h - 28, -2*t = 0. Suppose 10 = -h*n + 41*n. Suppose -4*j = n*g - 132, 0 = 2*g - 0 - 4. What is the units digit of j?
2
Suppose 4*n - 139872 = 2*v, 32*v + 174834 = 5*n + 31*v. What is the thousands digit of n?
4
Suppose 3*i = -9*f + 59832, -3*i + 6*i - f = 59792. What is the units digit of i?
2
Let n = 4488 + 9934. What is the hundreds digit of n?
4
Suppose -97798 = -69*k + 1318102 - 7265. What is the tens digit of k?
1
Suppose -123*y = -3958931 - 1251103. What is the units digit of y?
8
Suppose -2*c + 27624 = 4*x, x = -55 + 49. What is the units digit of c?
4
Suppose 0*i = -2*i + 1194. Let k = 920 - i. What is the tens digit of k?
2
Suppose 45024 = 242*t - 210*t. What is the hundreds digit of t?
4
Suppose 4 + 8 = 4*f. Let b(c) = -f + 2*c + 8*c**3 + c + 0*c. What is the tens digit of b(2)?
6
Let d(k) = 122*k**2 - 291*